{"id":770,"date":"2025-02-20T13:47:09","date_gmt":"2025-02-20T12:47:09","guid":{"rendered":"https:\/\/equusemporda.com\/escola\/grados-fp\/"},"modified":"2025-02-24T22:20:04","modified_gmt":"2025-02-24T21:20:04","slug":"grados-fp","status":"publish","type":"serveis","link":"https:\/\/equusemporda.com\/es\/escuela\/grados-fp\/","title":{"rendered":"Grados FP"},"content":{"rendered":"\n<p><em>Ciclo de Gu\u00eda en el Medio Natural y Tiempo de Ocio<\/em><\/p>\n\n<p>En Equus Empord\u00e0 ofrecemos el Ciclo de Grado Medio en Gu\u00eda en el Medio Natural y Tiempo de Ocio (GUIAMN), una formaci\u00f3n especializada que te capacita para trabajar en el sector del turismo activo, la equitaci\u00f3n y las actividades en la naturaleza.<\/p>\n\n<p><em>\u00bfQu\u00e9 aprender\u00e1s?<\/em><\/p>\n\n<p>Esta formaci\u00f3n proporciona las competencias necesarias para planificar y conducir grupos en entornos naturales, adapt\u00e1ndose a distintos tipos de terreno y condiciones. Se trabaja en monte bajo y medio, zonas nevadas de tipo n\u00f3rdico, cavidades de dificultad reducida, barrancos con riesgo bajo y entornos acu\u00e1ticos, as\u00ed como en instalaciones de ocio y aventura. <\/p>\n\n<p>Los alumnos se forman en t\u00e9cnicas de progresi\u00f3n a pie, en cuerdas, en bicicleta, a caballo y en embarcaciones, aplicando protocolos de seguridad y respeto por el medio ambiente. Tambi\u00e9n adquirir\u00e1n las habilidades necesarias para organizar y dinamizar actividades de ocio adaptadas a diferentes grupos de participantes, garantizando una experiencia segura y enriquecedora. <\/p>\n\n<p><em>Salidas profesionales<\/em><\/p>\n\n<p>Este ciclo formativo abre la puerta a diferentes oportunidades laborales en el sector del turismo, el deporte y las actividades en la naturaleza<\/p>\n","protected":false},"featured_media":460,"template":"","class_list":["post-770","serveis","type-serveis","status-publish","has-post-thumbnail","hentry"],"yoast_head":"<!-- This site is optimized with the Yoast SEO plugin v27.4 - https:\/\/yoast.com\/product\/yoast-seo-wordpress\/ -->\n<title>Grados FP - Equus Empord\u00e0<\/title>\n<meta name=\"robots\" content=\"index, follow, max-snippet:-1, max-image-preview:large, max-video-preview:-1\" \/>\n<link rel=\"canonical\" href=\"https:\/\/equusemporda.com\/es\/escuela\/grados-fp\/\" \/>\n<meta property=\"og:locale\" content=\"es_ES\" \/>\n<meta property=\"og:type\" content=\"article\" \/>\n<meta property=\"og:title\" content=\"Grados FP - Equus Empord\u00e0\" \/>\n<meta property=\"og:description\" content=\"Ciclo de Gu\u00eda en el Medio Natural y Tiempo de Ocio En Equus Empord\u00e0 ofrecemos el Ciclo de Grado Medio en Gu\u00eda en el Medio Natural y Tiempo de Ocio (GUIAMN), una formaci\u00f3n especializada que te capacita para trabajar en el sector del turismo activo, la equitaci\u00f3n y las actividades en la naturaleza. \u00bfQu\u00e9 aprender\u00e1s? [&hellip;]\" \/>\n<meta property=\"og:url\" content=\"https:\/\/equusemporda.com\/es\/escuela\/grados-fp\/\" \/>\n<meta property=\"og:site_name\" content=\"Equus Empord\u00e0\" \/>\n<meta property=\"article:publisher\" content=\"https:\/\/www.instagram.com\/equus_emporda\/\" \/>\n<meta property=\"article:modified_time\" content=\"2025-02-24T21:20:04+00:00\" \/>\n<meta property=\"og:image\" content=\"https:\/\/equusemporda.com\/wp-content\/uploads\/2025\/02\/equus-emporda-casal-4.jpg\" \/>\n\t<meta property=\"og:image:width\" content=\"1774\" \/>\n\t<meta property=\"og:image:height\" content=\"1682\" \/>\n\t<meta property=\"og:image:type\" content=\"image\/jpeg\" \/>\n<meta name=\"twitter:card\" content=\"summary_large_image\" \/>\n<meta name=\"twitter:label1\" content=\"Tiempo de lectura\" \/>\n\t<meta name=\"twitter:data1\" content=\"1 minuto\" \/>\n<script type=\"application\/ld+json\" class=\"yoast-schema-graph\">{\"@context\":\"https:\\\/\\\/schema.org\",\"@graph\":[{\"@type\":\"WebPage\",\"@id\":\"https:\\\/\\\/equusemporda.com\\\/es\\\/escuela\\\/grados-fp\\\/\",\"url\":\"https:\\\/\\\/equusemporda.com\\\/es\\\/escuela\\\/grados-fp\\\/\",\"name\":\"Grados FP - Equus Empord\u00e0\",\"isPartOf\":{\"@id\":\"https:\\\/\\\/equusemporda.com\\\/es\\\/#website\"},\"primaryImageOfPage\":{\"@id\":\"https:\\\/\\\/equusemporda.com\\\/es\\\/escuela\\\/grados-fp\\\/#primaryimage\"},\"image\":{\"@id\":\"https:\\\/\\\/equusemporda.com\\\/es\\\/escuela\\\/grados-fp\\\/#primaryimage\"},\"thumbnailUrl\":\"https:\\\/\\\/equusemporda.com\\\/wp-content\\\/uploads\\\/2025\\\/02\\\/equus-emporda-casal-4.jpg\",\"datePublished\":\"2025-02-20T12:47:09+00:00\",\"dateModified\":\"2025-02-24T21:20:04+00:00\",\"breadcrumb\":{\"@id\":\"https:\\\/\\\/equusemporda.com\\\/es\\\/escuela\\\/grados-fp\\\/#breadcrumb\"},\"inLanguage\":\"es\",\"potentialAction\":[{\"@type\":\"ReadAction\",\"target\":[\"https:\\\/\\\/equusemporda.com\\\/es\\\/escuela\\\/grados-fp\\\/\"]}]},{\"@type\":\"ImageObject\",\"inLanguage\":\"es\",\"@id\":\"https:\\\/\\\/equusemporda.com\\\/es\\\/escuela\\\/grados-fp\\\/#primaryimage\",\"url\":\"https:\\\/\\\/equusemporda.com\\\/wp-content\\\/uploads\\\/2025\\\/02\\\/equus-emporda-casal-4.jpg\",\"contentUrl\":\"https:\\\/\\\/equusemporda.com\\\/wp-content\\\/uploads\\\/2025\\\/02\\\/equus-emporda-casal-4.jpg\",\"width\":1774,\"height\":1682},{\"@type\":\"BreadcrumbList\",\"@id\":\"https:\\\/\\\/equusemporda.com\\\/es\\\/escuela\\\/grados-fp\\\/#breadcrumb\",\"itemListElement\":[{\"@type\":\"ListItem\",\"position\":1,\"name\":\"Inici\",\"item\":\"https:\\\/\\\/equusemporda.com\\\/es\\\/equus-emporda\\\/\"},{\"@type\":\"ListItem\",\"position\":2,\"name\":\"Serveis\",\"item\":\"https:\\\/\\\/equusemporda.com\\\/es\\\/escuela\\\/\"},{\"@type\":\"ListItem\",\"position\":3,\"name\":\"Grados FP\"}]},{\"@type\":\"WebSite\",\"@id\":\"https:\\\/\\\/equusemporda.com\\\/es\\\/#website\",\"url\":\"https:\\\/\\\/equusemporda.com\\\/es\\\/\",\"name\":\"Equus Empord\u00e0\",\"description\":\"Escola amb una d\u00e8cada d&#039;experi\u00e8ncia al m\u00f3n dels cavalls i especialitzada en l&#039;ensenyament.\",\"publisher\":{\"@id\":\"https:\\\/\\\/equusemporda.com\\\/es\\\/#organization\"},\"potentialAction\":[{\"@type\":\"SearchAction\",\"target\":{\"@type\":\"EntryPoint\",\"urlTemplate\":\"https:\\\/\\\/equusemporda.com\\\/es\\\/?s={search_term_string}\"},\"query-input\":{\"@type\":\"PropertyValueSpecification\",\"valueRequired\":true,\"valueName\":\"search_term_string\"}}],\"inLanguage\":\"es\"},{\"@type\":\"Organization\",\"@id\":\"https:\\\/\\\/equusemporda.com\\\/es\\\/#organization\",\"name\":\"Equus Empord\u00e0\",\"url\":\"https:\\\/\\\/equusemporda.com\\\/es\\\/\",\"logo\":{\"@type\":\"ImageObject\",\"inLanguage\":\"es\",\"@id\":\"https:\\\/\\\/equusemporda.com\\\/es\\\/#\\\/schema\\\/logo\\\/image\\\/\",\"url\":\"https:\\\/\\\/equusemporda.com\\\/wp-content\\\/uploads\\\/2025\\\/02\\\/equus-emporda-logotip.webp\",\"contentUrl\":\"https:\\\/\\\/equusemporda.com\\\/wp-content\\\/uploads\\\/2025\\\/02\\\/equus-emporda-logotip.webp\",\"width\":1072,\"height\":155,\"caption\":\"Equus Empord\u00e0\"},\"image\":{\"@id\":\"https:\\\/\\\/equusemporda.com\\\/es\\\/#\\\/schema\\\/logo\\\/image\\\/\"},\"sameAs\":[\"https:\\\/\\\/www.instagram.com\\\/equus_emporda\\\/\",\"https:\\\/\\\/www.youtube.com\\\/channel\\\/UC9CGmx139G2i4xtQwUViKuA\"]}]}<\/script>\n<!-- \/ Yoast SEO plugin. -->","yoast_head_json":{"title":"Grados FP - Equus Empord\u00e0","robots":{"index":"index","follow":"follow","max-snippet":"max-snippet:-1","max-image-preview":"max-image-preview:large","max-video-preview":"max-video-preview:-1"},"canonical":"https:\/\/equusemporda.com\/es\/escuela\/grados-fp\/","og_locale":"es_ES","og_type":"article","og_title":"Grados FP - Equus Empord\u00e0","og_description":"Ciclo de Gu\u00eda en el Medio Natural y Tiempo de Ocio En Equus Empord\u00e0 ofrecemos el Ciclo de Grado Medio en Gu\u00eda en el Medio Natural y Tiempo de Ocio (GUIAMN), una formaci\u00f3n especializada que te capacita para trabajar en el sector del turismo activo, la equitaci\u00f3n y las actividades en la naturaleza. \u00bfQu\u00e9 aprender\u00e1s? [&hellip;]","og_url":"https:\/\/equusemporda.com\/es\/escuela\/grados-fp\/","og_site_name":"Equus Empord\u00e0","article_publisher":"https:\/\/www.instagram.com\/equus_emporda\/","article_modified_time":"2025-02-24T21:20:04+00:00","og_image":[{"width":1774,"height":1682,"url":"https:\/\/equusemporda.com\/wp-content\/uploads\/2025\/02\/equus-emporda-casal-4.jpg","type":"image\/jpeg"}],"twitter_card":"summary_large_image","twitter_misc":{"Tiempo de lectura":"1 minuto"},"schema":{"@context":"https:\/\/schema.org","@graph":[{"@type":"WebPage","@id":"https:\/\/equusemporda.com\/es\/escuela\/grados-fp\/","url":"https:\/\/equusemporda.com\/es\/escuela\/grados-fp\/","name":"Grados FP - Equus Empord\u00e0","isPartOf":{"@id":"https:\/\/equusemporda.com\/es\/#website"},"primaryImageOfPage":{"@id":"https:\/\/equusemporda.com\/es\/escuela\/grados-fp\/#primaryimage"},"image":{"@id":"https:\/\/equusemporda.com\/es\/escuela\/grados-fp\/#primaryimage"},"thumbnailUrl":"https:\/\/equusemporda.com\/wp-content\/uploads\/2025\/02\/equus-emporda-casal-4.jpg","datePublished":"2025-02-20T12:47:09+00:00","dateModified":"2025-02-24T21:20:04+00:00","breadcrumb":{"@id":"https:\/\/equusemporda.com\/es\/escuela\/grados-fp\/#breadcrumb"},"inLanguage":"es","potentialAction":[{"@type":"ReadAction","target":["https:\/\/equusemporda.com\/es\/escuela\/grados-fp\/"]}]},{"@type":"ImageObject","inLanguage":"es","@id":"https:\/\/equusemporda.com\/es\/escuela\/grados-fp\/#primaryimage","url":"https:\/\/equusemporda.com\/wp-content\/uploads\/2025\/02\/equus-emporda-casal-4.jpg","contentUrl":"https:\/\/equusemporda.com\/wp-content\/uploads\/2025\/02\/equus-emporda-casal-4.jpg","width":1774,"height":1682},{"@type":"BreadcrumbList","@id":"https:\/\/equusemporda.com\/es\/escuela\/grados-fp\/#breadcrumb","itemListElement":[{"@type":"ListItem","position":1,"name":"Inici","item":"https:\/\/equusemporda.com\/es\/equus-emporda\/"},{"@type":"ListItem","position":2,"name":"Serveis","item":"https:\/\/equusemporda.com\/es\/escuela\/"},{"@type":"ListItem","position":3,"name":"Grados FP"}]},{"@type":"WebSite","@id":"https:\/\/equusemporda.com\/es\/#website","url":"https:\/\/equusemporda.com\/es\/","name":"Equus Empord\u00e0","description":"Escola amb una d\u00e8cada d&#039;experi\u00e8ncia al m\u00f3n dels cavalls i especialitzada en l&#039;ensenyament.","publisher":{"@id":"https:\/\/equusemporda.com\/es\/#organization"},"potentialAction":[{"@type":"SearchAction","target":{"@type":"EntryPoint","urlTemplate":"https:\/\/equusemporda.com\/es\/?s={search_term_string}"},"query-input":{"@type":"PropertyValueSpecification","valueRequired":true,"valueName":"search_term_string"}}],"inLanguage":"es"},{"@type":"Organization","@id":"https:\/\/equusemporda.com\/es\/#organization","name":"Equus Empord\u00e0","url":"https:\/\/equusemporda.com\/es\/","logo":{"@type":"ImageObject","inLanguage":"es","@id":"https:\/\/equusemporda.com\/es\/#\/schema\/logo\/image\/","url":"https:\/\/equusemporda.com\/wp-content\/uploads\/2025\/02\/equus-emporda-logotip.webp","contentUrl":"https:\/\/equusemporda.com\/wp-content\/uploads\/2025\/02\/equus-emporda-logotip.webp","width":1072,"height":155,"caption":"Equus Empord\u00e0"},"image":{"@id":"https:\/\/equusemporda.com\/es\/#\/schema\/logo\/image\/"},"sameAs":["https:\/\/www.instagram.com\/equus_emporda\/","https:\/\/www.youtube.com\/channel\/UC9CGmx139G2i4xtQwUViKuA"]}]}},"_links":{"self":[{"href":"https:\/\/equusemporda.com\/es\/wp-json\/wp\/v2\/serveis\/770","targetHints":{"allow":["GET"]}}],"collection":[{"href":"https:\/\/equusemporda.com\/es\/wp-json\/wp\/v2\/serveis"}],"about":[{"href":"https:\/\/equusemporda.com\/es\/wp-json\/wp\/v2\/types\/serveis"}],"wp:featuredmedia":[{"embeddable":true,"href":"https:\/\/equusemporda.com\/es\/wp-json\/wp\/v2\/media\/460"}],"wp:attachment":[{"href":"https:\/\/equusemporda.com\/es\/wp-json\/wp\/v2\/media?parent=770"}],"curies":[{"name":"wp","href":"https:\/\/api.w.org\/{rel}","templated":true}]}}

<p><em>Ciclo de Guía en el Medio Natural y Tiempo de Ocio</em></p>

<p>En Equus Empordà ofrecemos el Ciclo de Grado Medio en Guía en el Medio Natural y Tiempo de Ocio (GUIAMN), una formación especializada que te capacita para trabajar en el sector del turismo activo, la equitación y las actividades en la naturaleza.</p>

<p><em>¿Qué aprenderás?</em></p>

<p>Esta formación proporciona las competencias necesarias para planificar y conducir grupos en entornos naturales, adaptándose a distintos tipos de terreno y condiciones. Se trabaja en monte bajo y medio, zonas nevadas de tipo nórdico, cavidades de dificultad reducida, barrancos con riesgo bajo y entornos acuáticos, así como en instalaciones de ocio y aventura. </p>

<p>Los alumnos se forman en técnicas de progresión a pie, en cuerdas, en bicicleta, a caballo y en embarcaciones, aplicando protocolos de seguridad y respeto por el medio ambiente. También adquirirán las habilidades necesarias para organizar y dinamizar actividades de ocio adaptadas a diferentes grupos de participantes, garantizando una experiencia segura y enriquecedora. </p>

<p><em>Salidas profesionales</em></p>

<p>Este ciclo formativo abre la puerta a diferentes oportunidades laborales en el sector del turismo, el deporte y las actividades en la naturaleza</p>

<!-- This site is optimized with the Yoast SEO plugin v27.4 - https://yoast.com/product/yoast-seo-wordpress/ -->
<title>Grados FP - Equus Empordà</title>
<meta name="robots" content="index, follow, max-snippet:-1, max-image-preview:large, max-video-preview:-1" />
<link rel="canonical" href="https://equusemporda.com/es/escuela/grados-fp/" />
<meta property="og:locale" content="es_ES" />
<meta property="og:type" content="article" />
<meta property="og:title" content="Grados FP - Equus Empordà" />
<meta property="og:description" content="Ciclo de Guía en el Medio Natural y Tiempo de Ocio En Equus Empordà ofrecemos el Ciclo de Grado Medio en Guía en el Medio Natural y Tiempo de Ocio (GUIAMN), una formación especializada que te capacita para trabajar en el sector del turismo activo, la equitación y las actividades en la naturaleza. ¿Qué aprenderás? [&hellip;]" />
<meta property="og:url" content="https://equusemporda.com/es/escuela/grados-fp/" />
<meta property="og:site_name" content="Equus Empordà" />
<meta property="article:publisher" content="https://www.instagram.com/equus_emporda/" />
<meta property="article:modified_time" content="2025-02-24T21:20:04+00:00" />
<meta property="og:image" content="https://equusemporda.com/wp-content/uploads/2025/02/equus-emporda-casal-4.jpg" />
	<meta property="og:image:width" content="1774" />
	<meta property="og:image:height" content="1682" />
	<meta property="og:image:type" content="image/jpeg" />
<meta name="twitter:card" content="summary_large_image" />
<meta name="twitter:label1" content="Tiempo de lectura" />
	<meta name="twitter:data1" content="1 minuto" />
<script type="application/ld+json" class="yoast-schema-graph">{"@context":"https:\/\/schema.org","@graph":[{"@type":"WebPage","@id":"https:\/\/equusemporda.com\/es\/escuela\/grados-fp\/","url":"https:\/\/equusemporda.com\/es\/escuela\/grados-fp\/","name":"Grados FP - Equus Empordà","isPartOf":{"@id":"https:\/\/equusemporda.com\/es\/#website"},"primaryImageOfPage":{"@id":"https:\/\/equusemporda.com\/es\/escuela\/grados-fp\/#primaryimage"},"image":{"@id":"https:\/\/equusemporda.com\/es\/escuela\/grados-fp\/#primaryimage"},"thumbnailUrl":"https:\/\/equusemporda.com\/wp-content\/uploads\/2025\/02\/equus-emporda-casal-4.jpg","datePublished":"2025-02-20T12:47:09+00:00","dateModified":"2025-02-24T21:20:04+00:00","breadcrumb":{"@id":"https:\/\/equusemporda.com\/es\/escuela\/grados-fp\/#breadcrumb"},"inLanguage":"es","potentialAction":[{"@type":"ReadAction","target":["https:\/\/equusemporda.com\/es\/escuela\/grados-fp\/"]}]},{"@type":"ImageObject","inLanguage":"es","@id":"https:\/\/equusemporda.com\/es\/escuela\/grados-fp\/#primaryimage","url":"https:\/\/equusemporda.com\/wp-content\/uploads\/2025\/02\/equus-emporda-casal-4.jpg","contentUrl":"https:\/\/equusemporda.com\/wp-content\/uploads\/2025\/02\/equus-emporda-casal-4.jpg","width":1774,"height":1682},{"@type":"BreadcrumbList","@id":"https:\/\/equusemporda.com\/es\/escuela\/grados-fp\/#breadcrumb","itemListElement":[{"@type":"ListItem","position":1,"name":"Inici","item":"https:\/\/equusemporda.com\/es\/equus-emporda\/"},{"@type":"ListItem","position":2,"name":"Serveis","item":"https:\/\/equusemporda.com\/es\/escuela\/"},{"@type":"ListItem","position":3,"name":"Grados FP"}]},{"@type":"WebSite","@id":"https:\/\/equusemporda.com\/es\/#website","url":"https:\/\/equusemporda.com\/es\/","name":"Equus Empordà","description":"Escola amb una dècada d&#039;experiència al món dels cavalls i especialitzada en l&#039;ensenyament.","publisher":{"@id":"https:\/\/equusemporda.com\/es\/#organization"},"potentialAction":[{"@type":"SearchAction","target":{"@type":"EntryPoint","urlTemplate":"https:\/\/equusemporda.com\/es\/?s={search_term_string}"},"query-input":{"@type":"PropertyValueSpecification","valueRequired":true,"valueName":"search_term_string"}}],"inLanguage":"es"},{"@type":"Organization","@id":"https:\/\/equusemporda.com\/es\/#organization","name":"Equus Empordà","url":"https:\/\/equusemporda.com\/es\/","logo":{"@type":"ImageObject","inLanguage":"es","@id":"https:\/\/equusemporda.com\/es\/#\/schema\/logo\/image\/","url":"https:\/\/equusemporda.com\/wp-content\/uploads\/2025\/02\/equus-emporda-logotip.webp","contentUrl":"https:\/\/equusemporda.com\/wp-content\/uploads\/2025\/02\/equus-emporda-logotip.webp","width":1072,"height":155,"caption":"Equus Empordà"},"image":{"@id":"https:\/\/equusemporda.com\/es\/#\/schema\/logo\/image\/"},"sameAs":["https:\/\/www.instagram.com\/equus_emporda\/","https:\/\/www.youtube.com\/channel\/UC9CGmx139G2i4xtQwUViKuA"]}]}</script>
<!-- / Yoast SEO plugin. -->

Grados FP - Equus Empordà

Ciclo de Guía en el Medio Natural y Tiempo de Ocio En Equus Empordà ofrecemos el Ciclo de Grado Medio en Guía en el Medio Natural y Tiempo de Ocio (GUIAMN), una formación especializada que te capacita para trabajar en el sector del turismo activo, la equitación y las actividades en la naturaleza. ¿Qué aprenderás? [&hellip;]

Equus Empordà

Escola amb una dècada d&#039;experiència al món dels cavalls i especialitzada en l&#039;ensenyament.
